t is g(6)?
4
Let i = 5 + -10. Let b(d) be the first derivative of d**4/4 + 7*d**3/3 + 6*d**2 + 7*d - 9661. What is b(i)?
-3
Let f(x) be the second derivative of 16 + 2*x - 1/12*x**4 + 4/3*x**3 - 4*x**2. What is f(8)?
-8
Suppose 5*r + 10 = -0*r. Let q(s) = -s**3 - 3*s**2 - 2*s - 1. Let t be q(r). Let u(j) = 2*j - 9*j - 20*j**2 + 2*j + 6*j. What is u(t)?
-21
Let s(u) = 6*u**2 + 18*u + 7. Let h(w) = 5*w**2 + 16*w + 8. Let n(x) = 5*h(x) - 4*s(x). Let l be (-9)/(-4)*128/(-48). Give n(l).
0
Let j(d) = d**2 - 2*d**2 + 17*d**3 + 1 + 0 + 16*d**3 + 4*d**3. What is j(-1)?
-37
Let p(c) be the first derivative of -c**4/4 - 3*c**3 + 51*c**2/2 - 21*c - 9785. Determine p(-13).
-8
Let w(o) = -4*o**2 + 5*o + 5. Let s(h) = -5*h**2 + 3*h + 2. Let q(v) = 2*s(v) - 3*w(v). Give q(6).
7
Suppose -5*l = -4*c + 3*c - 5, -c + l + 15 = 0. Let a be 68/10 + 2/c*2. Let o be (a - 8)/(0 + 1/1). Let q(w) = 6*w + 1. What is q(o)?
-5
Let p(o) = -o**3 + 5*o**2 - 3. Let t be p(5). Let q(k) = -1 - 5 + 13 - 8 + k**3 - 1516*k**2 - 3*k - 4 + 1518*k**2. Determine q(t).
-5
Let g(n) = -3*n**2 + 4*n - 1822 + 2*n**2 + 904 + 930. Calculate g(6).
0
Let i(p) = 98*p + 11. Let b(s) = 270*s + 36. Let g(v) = -4*b(v) + 11*i(v). Give g(-9).
-5
Suppose 4*m - 5 = 3. Let u(r) = 6 - 9*r + 21*r**2 - 49*r**m + 29*r**2. Suppose -9 = -3*h - 3*t, -2*h - 3*h - 3*t + 23 = 0. What is u(h)?
-8
Suppose 26 = 103*t - 77*t. Let y(s) = -3*s**3 + 2*s**2 - s + 1. Determine y(t).
-1
Let q(u) = -9*u**3 + u**2 + 4*u + 2. Let y(a) = -a**2 + 66*a - 1. Let x be y(66). Determine q(x).
8
Let d(f) = 2*f**3 + f**2 - 1. Suppose 0 = -y - g + 58, 2*y - 3*y + 62 = -g. Let q be y/27 + (7 - 520/72). Calculate d(q).
19
Let j(o) = -o**3 - 17*o**2 - 4*o + 11. Let x(c) = c**2 + c - 1. Let s(h) = -j(h) - 5*x(h). Suppose -5*q - b - 1054 = -995, 3*q + 38 = 2*b. Give s(q).
6
Let u(q) be the second derivative of -q**4/12 - 11*q**3/6 + 20*q**2 - 2*q - 1122. Determine u(-15).
-20
Let v(u) be the third derivative of u**5/60 + u**4/24 + u**3/3 - 58*u**2. Let x(s) be the first derivative of v(s). What is x(2)?
5
Suppose 4*d = 34 - 18. Let c be -3*(d - 94/(-3)). Let o = 110 + c. Let s(z) = z**3 - 4*z**2 + 2*z - 3. What is s(o)?
5
Let f(q) be the second derivative of -5*q**3/6 - 19*q**2/2 - 1390*q. Give f(-4).
1
Let j(c) = c**3 - c**2 + 2*c + 4. Let d(x) = -x**2 - 17*x + 40. Let t be d(-19). Let k(v) = -2*v + 4. Let u be k(t). What is j(u)?
4
Let w(f) be the second derivative of -1/2*f**2 + 3*f + 26 - 1/3*f**3. Give w(4).
-9
Let y(a) be the third derivative of -a**6/120 + a**5/10 + a**4/24 + 5*a**3/6 + 28*a**2 - 8*a. Determine y(5).
35
Let g(d) = -d**3 + d**2 + 4*d + 2. Suppose -496 + 463 = -11*j. What is g(j)?
-4
Let y = -345 + 354. Let p(g) = -10*g**2 + g**3 - 84*g + 44*g - 1 + 50*g. Give p(y).
8
Let d(z) = z + 3. Suppose -5*i + 422 = 4*q, -3*i + 168 = -i + 2*q. Let l = i + -91. Let w be l*3/(-15)*(-1 - 9). Give d(w).
-7
Suppose 53*i = -90 + 196. Let g(r) = 55*r - 127. Determine g(i).
-17
Let n(c) = -c**2 - 20*c - 94. Suppose -7*t + 3*t + z = 41, 0 = -t - 5*z + 16. Determine n(t).
5
Let r = 584 + -587. Let s(k) = -k**3 - 4. Calculate s(r).
23
Let f(t) be the second derivative of t**6/720 - t**5/30 + t**4/12 - 4*t**3/3 - 19*t. Let r(j) be the third derivative of f(j). What is r(7)?
3
Let j(n) = -9*n**2 - 2*n + 14. Suppose 4318*o = 4334*o - 64. Determine j(o).
-138
Suppose -10*n - 3*x = -8*n - 25, 0 = 2*n - 5*x - 1. Let l(m) = 6*m**2 + m**3 - 2*m - 3*m + n*m + m + 1. Determine l(-5).
6
Let q(t) be the first derivative of -2*t**4 - t**3/3 - 3*t**2/2 - t - 1753. Calculate q(-1).
9
Let f(d) = 14*d**3 + 6*d**2 + 17*d - 6. Let x(a) = 5*a**3 + 2*a**2 + 6*a - 2. Let c(j) = -4*f(j) + 11*x(j). Suppose -107*y = -10*y + 194. Give c(y).
6
Suppose 32*f - 234 = 31*f. Let g = 230 - f. Let x(p) = p**2 + 4*p - 3. Let n(z) = z**2 + 5*z - 4. Let a(d) = 4*n(d) - 5*x(d). Determine a(g).
-17
Let o(x) = 5*x + 3. Suppose 32*p - 49 = 3*i + 31*p, 0 = i + 4*p - 1. Let h be (2520/(-16))/i*4/(-6). Calculate o(h).
-32
Let l(y) be the third derivative of -y**5/60 - y**4/12 + y**3/2 - 5*y**2 + 3*y - 6. Let r(v) = v + 2. Let a be r(-1). Suppose 3*u = a - 13. Calculate l(u).
-5
Let i(u) = -8*u - 1. Let s = -145 - -111. Let t = -35 - s. Calculate i(t).
7
Let b(g) be the second derivative of 7*g**3/3 - 83*g**2 - 10*g - 24. Determine b(12).
2
Let d be ((-25)/125 + 12/10)*1. Let y(q) = -27*q - 6. Determine y(d).
-33
Let y(v) = v**3 + 3*v**2 - 2*v. Let z be y(-3). Suppose 130 - 151 = -7*c. Suppose -o = -3*l + z*l - 1, o - c = -l. Let m(d) = -d**2 + 5*d + 2. Calculate m(o).
6
Let n(x) = -x**3 + 3*x**2 + 7*x + 11. Let m(k) = k**3 - 4*k**2 - 8*k - 10. Let f(o) = -3*m(o) - 2*n(o). Calculate f(8).
-40
Let i(z) be the second derivative of z**6/120 + 2*z**3/3 + z**2 + 3*z. Let t(j) be the first derivative of i(j). Let m = 1142 + -1142. Give t(m).
4
Let b = -5796 + 5801. Let p be 1/4 - (-55)/4. Let g(n) = -10 - b*n + 2*n + p. What is g(-3)?
13
Let w(d) = -14*d + 8. Let p(y) = -5*y + 3. Let g be 0*(-2)/(-6) + -4. Let m(s) = -s**2 + 18*s + 11. Let v be m(18). Let r(i) = g*w(i) + v*p(i). Calculate r(-7).
-6
Let j be 14/14*-1*-8. Let c(l) = -l**3 + 8*l**2 - l - 2. Calculate c(j).
-10
Let d(k) = k**2 - k. Let t(s) = -9*s**2 + 5*s - 1. Let g(h) = h**2 + 4*h - 31. Let i be g(-8). Let z(l) = i*t(l) + 4*d(l). What is z(1)?
-5
Let r(y) be the second derivative of -13*y**6/180 + y**3/6 - y**2 - 78*y. Let h(q) be the second derivative of r(q). Calculate h(-1).
-26
Let r(l) = 6*l - 16. Let u(q) = -7*q + 9. Let d(p) = -6*p + 8. Let k(x) = 6*d(x) - 5*u(x). Let f(w) = 33*k(w) + 6*r(w). Suppose 2*n + 36 = 14*n. What is f(n)?
12
Let s be ((-48)/(-10))/6 - 30/(-25). Let k(t) = 300*t**2 - 614*t**s + 308*t**2 - t**3 - 5*t - 5. Calculate k(-5).
-5
Suppose -271*x + 56*x - 860 = 0. Let o(g) = g**2 + 4*g + 7. What is o(x)?
7
Let h(a) be the first derivative of 17*a**2/2 - 52*a - 141. Let l be h(3). Let y(f) = -19*f**2 + 1. Determine y(l).
-18
Suppose -3*p + 4*w - 53 = 0, -2*w - 10 = -4*w. Let r(y) = -3*y**2 + y - 5. Let d(j) = -8*j**2 + j - 15. Let s(g) = p*r(g) + 4*d(g). What is s(8)?
3
Let s(v) = -3*v - 14. Suppose 0 = -i - 2*i + 21. Let k(x) = -2*x - 13. Let d(b) = i*k(b) - 6*s(b). Suppose 17*u - 443 = -86*u + 72. Give d(u).
13
Let k(t) = -5*t - 7. Suppose 24 = 3*r + 3*s, 2*r - 3*s - s = -14. Give k(r).
-22
Let p(i) = 4*i + 5. Let b(s) = -2*s**2 + 4*s. Let r be b(2). Let j be p(r). Suppose 5*c = 5*w - 5, 4 = -2*w + 6*w - j*c. Let l(o) = 4*o - 1. Give l(w).
3
Let y(r) = -r**3 + 7*r**2 - 8*r + 6. Suppose -5*p = -2*k - 30, -3*p - 3*k = -5*k - 18. Give y(p).
-6
Let d = 6935 + -6904. Let b(i) = i**3 - 31*i**2 - i + 35. Determine b(d).
4
Suppose -4*a = 2*v - 6, 0 = -3*a - 5*v - 0 - 6. Suppose -5*p = 5*w - 15, 4*p + w = 2*w - 3. Let q(s) = 12*s - 14*s + p - s**3 + 3 + 4*s**2. What is q(a)?
6
Let c(n) = -n. Let a(z) = -4*z - 5. Let q(y) = -a(y) + 5*c(y). Let x be ((-180)/(-150))/(3/(-20)). Let t = x + 13. Determine q(t).
0
Let k(j) = -j**3 - 2*j**2 + 6*j + 4. Let b be -1 - (2 + 9) - (5 + -9). Let z be -8 - b*(-6)/(-12). Calculate k(z).
12
Let o be 20/8 - (-7)/(-14). Let s(i) = -i - 1. Let g(h) = 4*h + 2. Let a(r) = -g(r) - 3*s(r). What is a(o)?
-1
Let d(z) = -4*z - 1. Suppose -17*j + 19*j - 6 = 0. Suppose 4*w = j*w + 3. Calculate d(w).
-13
Let u be 270/33 + (-84)/462. Let b(x) = -x**3 + 10*x**2 - x - 16. Give b(u).
104
Let c(o) = 2*o**2 + o. Let k be 60/8*(-6)/(-9). Suppose -18*w - k = -13*w. Give c(w).
1
Let v(n) = -3*n**3 + 17*n**2 + 13*n + 37. Let m(z) = 7*z**3 - 39*z**2 - 30*z - 86. Let s(y) = -7*m(y) - 16*v(y). Calculate s(0).
10
Let i(j) = 35 - 6 - 2*j + 8*j - j. Let n be i(-6). Let l be 204/96 - n/(-8). Let t(w) = w**3 - 2*w**2 + 3*w - 2. Calculate t(l).
4
Let u(b) = -b**3 + 50*b**2 - 15*b - 33. Let f(l) = -3*l**3 + 160*l**2 - 44*l - 99. Let k(w) = 6*f(w) - 19*u(w). Give k(-8).
-7
Let u be (((-8)/4)/(-1))/((-3)/6). Let n(q) be the second derivative of q**3/6 + 3*q**2/2 + 6*q + 9. Calculate n(u).
-1
Let j(n) = -n**3 - 8*n**2 + 12*n + 9. Let u be 6*15*1/(-10). Calculate j(u).
-18
Suppose z - 4*p = 10 + 3, 4*z - 5*p - 52 = 0. Suppose -z*t = -4*t - 18. Let y(c) = -2*c**2 - 2*c + 2. What is y(t)?
-10
Let f(z) = 2*z**2 - 17*z + 12. Suppose -4*k + 30 = 2*q + 26, 0 = 5*q - 5*k - 55. What is f(q)?
4
Let f(g) = -g**2 + 3*g 